rmine q(-9).
36
Let o(f) = 2*f**3 - 5*f + 1. Determine o(-2).
-5
Let j(p) = 12*p**2 - 2*p - 2. Determine j(-1).
12
Let c(j) = -5*j - 126. What is c(-18)?
-36
Let g(o) = -o + 20. Give g(12).
8
Let p(g) = -g**2 + 10*g - 6. Give p(5).
19
Let b(u) = -u**2 - 7*u - 4. Determine b(-6).
2
Let z(g) = g**2 + g - 6. Give z(-5).
14
Let y(j) = 2*j + 18. What is y(-5)?
8
Let g(f) = f**3 - 4*f**2 - 4*f - 4. Give g(5).
1
Let s(p) = -24*p - 2070. Determine s(-86).
-6
Let v(j) = 5*j**3 - j**2 - 2*j - 1. Calculate v(-1).
-5
Let c(x) = -6*x - 32. Calculate c(-8).
16
Let c(j) = j**3 - 6*j**2 - 4*j + 11. Calculate c(5).
-34
Let i(c) = -c**2 - 2*c + 14. Determine i(6).
-34
Let q(v) = -v**3 + 2*v**2 + v + 4. Calculate q(6).
-134
Let b(o) = 11*o**3 - 2*o + 2. Determine b(1).
11
Let n(u) = u**2 + 5*u - 3. Determine n(-6).
3
Let z(v) = -v**3 + 42*v**2 - 5*v + 210. Calculate z(42).
0
Let s(k) = -11*k - 9. What is s(-3)?
24
Let a(j) = j**3 - 30*j**2 - 27*j - 124. What is a(31)?
0
Let l(h) = -h**3 + 13*h**2 + 6*h - 22. Determine l(13).
56
Let i(w) = w**3 + 4*w**2 - 17*w + 5. What is i(-7)?
-23
Let f(j) = j + 9. Calculate f(0).
9
Let b(r) = -r**2 - 9*r + 16. Give b(2).
-6
Let z(s) = 5*s - 16. What is z(3)?
-1
Let f(x) = -7*x - 13. Determine f(-5).
22
Let o(s) = 4*s**3 - 4*s**2 + s + 7. Determine o(-3).
-140
Let o(b) = b**3 - 4*b**2 - 6*b - 10. Give o(6).
26
Let x(y) = y**2 + 6*y + 11. Give x(-3).
2
Let h(c) = 6*c - 28. Calculate h(5).
2
Let q(y) = -14*y + 66. Give q(6).
-18
Let w(v) = -2*v**3 - 27*v**2 + 13*v + 15. Calculate w(-14).
29
Let t(r) = -r. Give t(-9).
9
Let d(v) = -82*v + 81. Give d(1).
-1
Let h(m) = m**3 - 12*m**2 - 14*m - 32. Calculate h(14).
164
Let h(o) = 2*o**3 + 5*o**2 - 2. What is h(-4)?
-50
Let i(h) = -h**3 - 7*h**2 - 10*h - 11. Calculate i(-6).
13
Let t(s) = 3*s - 9. Give t(4).
3
Let v(m) = 2*m - 6. Give v(3).
0
Let g(v) = 3*v**2 - 11*v - 8. Determine g(-1).
6
Let g(m) = 2*m**2 - 10*m + 12. Determine g(5).
12
Let q(w) = -w**3 + 4*w**2 + 2*w - 7. What is q(5)?
-22
Let x(c) = -2*c + 33. Calculate x(10).
13
Let a(p) = -p**2 + 2. Calculate a(1).
1
Let n(t) = t + 6. Calculate n(1).
7
Let o(u) = -u**3 - 10*u**2 + 4*u + 34. Give o(-10).
-6
Let o(q) = q**3 + 2*q**2 - 2*q + 7. Calculate o(-3).
4
Let c(k) = -k**2 - 13*k - 28. Give c(-12).
-16
Let u(p) = 3*p + 13. Give u(7).
34
Let p(t) = -2*t + 2. Determine p(13).
-24
Let z(w) = 30*w - 211. Give z(7).
-1
Let y(p) = 27*p**2 - p. Calculate y(-1).
28
Let o(v) = v**3 + 8*v**2 + 8*v + 2. Determine o(-7).
-5
Let k(m) = -38*m**3 - m - 1. What is k(-1)?
38
Let f(i) = 4*i**2 - 21*i + 8. Determine f(6).
26
Let q(g) = g**2 + 11*g - 83. Give q(5).
-3
Let d(j) = -j**3 + 7*j**2 + j + 58. Give d(8).
2
Let x(c) = -7*c**3 + c**2 + 2*c + 1. Calculate x(2).
-47
Let l(j) = -6*j**2 - 305*j + 45. Calculate l(-51).
-6
Let i(g) = -g + 3. What is i(-5)?
8
Let t(y) = y - 20. Calculate t(15).
-5
Let d(v) = 17*v**3 + 2*v**2 + 6*v - 7. Give d(1).
18
Let i(z) = -z**3 - 21*z**2 - 4*z + 31. What is i(-21)?
115
Let c(m) = -3*m**2 - 4*m - 10. Calculate c(-6).
-94
Let i(t) = -t**2 + 3*t. Give i(3).
0
Let z(v) = 4*v**2 + 13*v - 3. Determine z(-3).
-6
Let s(v) = v**3 - 11*v**2 + 19*v + 9. Give s(3).
-6
Let i(x) = 6*x**2 + 87*x - 38. Calculate i(-15).
7
Let a(v) = -5*v**2 - 3*v + 1. What is a(2)?
-25
Let f(n) = -n**3 - 2*n**2 + 7*n + 9. What is f(-6)?
111
Let s(x) = -x**2 + 13*x + 2. What is s(9)?
38
Let j(b) = b**2 - 15*b - 32. Give j(19).
44
Let u(i) = -i**3 + 4*i**2 + 6*i - 27. Calculate u(5).
-22
Let n(l) = l**3 - 10*l - 2. What is n(-3)?
1
Let u(j) = -j**3 - 3*j**2 + 26*j + 4. Give u(-5).
-76
Let i(k) = 7*k**2 - 3*k. What is i(-1)?
10
Let t(z) = z**3 - 7*z**2 + 7*z + 8. Give t(4).
-12
Let h(m) = -4*m - 8. Determine h(9).
-44
Let d(f) = 6*f - 3. What is d(-4)?
-27
Let o(i) = -i + 15. Calculate o(12).
3
Let m(h) = -4*h - 6. What is m(0)?
-6
Let v(c) = 100*c**3 - 2*c**2 + 1. What is v(-1)?
-101
Let d(k) = k**2 - k - 1. Give d(3).
5
Let k(f) = 22*f**3 + f. Give k(-1).
-23
Let z(s) = 3*s**3 - 3*s**2 + s - 4. Determine z(2).
10
Let h(c) = c**3 + 4*c**2 + 5. What is h(-4)?
5
Let y(o) = -11*o + 79. Calculate y(7).
2
Let y(t) = t**3 + 17*t**2 + 6. Give y(-17).
6
Let x(j) = 2*j**3 + j**2 - 6*j - 5. What is x(-4)?
-93
Let c(p) = 20*p**3 + p**2 + 5*p - 6. Calculate c(1).
20
Let q(t) = 4*t + 21. What is q(-14)?
-35
Let b(l) = l**3 + 3*l**2 + 5*l. Give b(-3).
-15
Let y(n) = -2*n + 2. Give y(-2).
6
Let o(h) = -h**2 - 14*h - 7. Calculate o(-13).
6
Let v(o) = -2*o - 60. What is v(-26)?
-8
Let g(o) = 3*o**3 + 2*o**2 - 2. What is g(-1)?
-3
Let o(w) = 5*w + 23. Calculate o(-5).
-2
Let n(s) = 2*s + 32. Give n(-16).
0
Let i(x) = x**3 - 6*x**2 - 8*x + 10. Give i(7).
3
Let t(a) = 54*a + 550. Calculate t(-10).
10
Let i(n) = n**2 - 5*n - 6. Give i(6).
0
Let w(t) = -5*t - 6. Determine w(3).
-21
Let u(h) = -h**3 - 10*h**2 + 3*h + 10. What is u(-10)?
-20
Let g(i) = -2*i**2 + 12*i - 6. Determine g(6).
-6
Let z(x) = -x**2 + 39. What is z(0)?
39
Let m(y) = y**3 - 39*y**2 + 105*y + 104. Calculate m(36).
-4
Let i(f) = -f**3 + 7*f**2 - 9*f - 4. Determine i(5).
1
Let s(o) = -10*o + 1. Give s(3).
-29
Let j(g) = -3*g**3 + 18*g**2 + 8*g - 9. What is j(6)?
39
Let i(o) = 2*o**2 - o - 13. Give i(6).
53
Let p(b) = 19*b - 11. Determine p(0).
-11
Let g(z) = -z**2 - 30*z - 120. Determine g(-5).
5
Let d(x) = -x + 2. Give d(11).
-9
Let j(l) = l + 1. Determine j(6).
7
Let q(s) = -s**3 - 14*s**2 + 14. Calculate q(-14).
14
Let d(m) = -5*m - 30. Determine d(-7).
5
Let f(w) = w - 9. What is f(15)?
6
Let l(b) = -b**3 + 9*b**2 + 18*b - 16. Determine l(11).
-60
Let o(n) = -12*n + 5. Calculate o(2).
-19
Let s(l) = l**2 - 16. Give s(-5).
9
Let p(r) = -r**2 + 19. Calculate p(0).
19
Let x(w) = 40*w + 1438. What is x(-36)?
-2
Let o(r) = 3*r**2 + 30*r + 6. Give o(-14).
174
Let j(a) = 86*a - 600. Give j(7).
2
Let z(o) = -o**3 - 6*o**2 + 12. What is z(-5)?
-13
Let d(h) = -h**3 + 5*h**2 + 3*h + 7. Calculate d(5).
22
Let m(w) = w + 19. Determine m(-7).
12
Let g(w) = -w**3 + 6*w**2 + 9*w - 14. What is g(7)?
0
Let u(a) = -a**2 + 7*a + 7. Calculate u(7).
7
Let f(n) = -13*n + 7. Give f(2).
-19
Let p(t) = -t**3 - 10*t**2 - 7*t + 13. Determine p(-9).
-5
Let v(m) = m - 17. Give v(8).
-9
Let r(x) = -x**3 - 3*x - 5. What is r(0)?
-5
Let r(p) = 9*p**3 - p - 1. What is r(-1)?
-9
Let f(a) = a**2 - 3*a - 8. What is f(5)?
2
Let p(f) = 4*f**2 - 100*f - 7. What is p(25)?
-7
Let k(q) = -2*q - 1. Calculate k(-1).
1
Let z(u) = 2*u**2 + 10*u - 6. Give z(-6).
6
Let l(c) = 30*c**3 + c. Determine l(-1).
-31
Let j(x) = -13*x + 338. Give j(25).
13
Let q(j) = 3*j + 4. Give q(4).
16
Let b(i) = i - 4. Give b(-14).
-18
Let b(a) = 7*a**2 + 24*a + 3. Determine b(-3).
-6
Let p(c) = c**3 + 9*c**2 - 14*c - 15. What is p(-11)?
-103
Let i(m) = 17*m + 390. What is i(-23)?
-1
Let h(v) = v**2 + 11*v + 12. What is h(-11)?
12
Let l(j) = j**2 - 163. Determine l(13).
6
Let i(k) = -4*k - 42. Determine i(-8).
-10
Let z(u) = -u**3 - 2. Determine z(3).
-29
Let y(b) = 23*b - 16. Calculate y(4).
76
Let n(c) = 2*c**2 - c - 1. Calculate n(-3).
20
Let j(o) = -2*o**3 - o - 1. Give j(-1).
2
Let g(m) = -5*m**2 + m. Calculate g(2).
-18
Let n(h) = 2*h**2 - 43*h + 59. Give n(20).
-1
Let n(h) = -h**3 - 3*h**2 + 5*h - 10. Calculate n(-5).
15
Let c(h) = -2*h**2 - 6*h + 40. Give c(-7).
-16
Let m(x) = -5*x - 5. Determine m(11).
-60
Let b(x) = -x**3 - 9*x**2 - 5*x - 13. Determine b(-6).
-91
Let w(s) = -s**2 - 40*s - 107. Determine w(-37).
4
Let g(w) = w**2 + 14*w + 38. Calculate g(-5).
-7
Let d(o) = o**3 + 7*o**2 + 7*o - 7. What is d(-6)?
-13
Let r(v) = 30*v + 265. Determine r(-9).
-5
Let a(r) = 2*r + 4. Determine a(-7).
-10
Let c(y) = y + 2. What is c(-2)?
0
Let j(d) = 9*d - 1. Give j(-9).
-82
Let b(i) = -i**2 + 8*i - 2. Determine b(9).
-11
Let p(j) = j**2 + 17*j - 34. Calculate p(-19).
4
Let u(g) = 70*g + 1056. Determine u(-15).
6
Let h(k) = -k**3 - 28*k**2 - 18*k + 237. Give h(-27).
-6
Let b(x) = 2*x + 39. Determine b(17).
73
Let f(g) = -g**3 - 27*g**2 + g + 20. Calculate f(-27).
-7
Let l(r) = r**2 - r - 18. Give l(0).
-18
Let l(f) = f**2 - 9*f - 10. Determine l(5).
-30
Let g(r) = -r**2 - 15*r + 3. Determine g(8).
-181
Let p(t) = -9*t**2 + 11*t + 3. Calculate p(3).
-45
Let g(l) = -2*l**3 - 3*l**2 - 3*l - 1. Give g(-2).
9
Let i(y) = 5*y - 23. Determine i(0).
-23
Let 